= 55. Calculate the greatest common factor of 34 and x.
17
Suppose 5*o - 8*o = -186. Suppose 5*t = -12 + o. What is the greatest common divisor of t and 20?
10
Suppose -h + 16 = -0*h. Let f = h + -13. Suppose 3*m + f*b = -m + 39, m - b = 15. Calculate the greatest common divisor of 72 and m.
12
Let c be (-1 - -856)*(-22)/(-33). What is the highest common divisor of 798 and c?
114
Suppose -5*w + o + 495 = 0, 9*w = 5*w + 4*o + 412. Calculate the greatest common divisor of 14 and w.
14
Let l(z) = z**2 - 7*z - 9. Let x be l(8). Let c(d) = 8*d**2 + d. Let o be c(x). What is the highest common factor of o and 63?
7
Let a = 56 - 46. Suppose -a = -5*m, 115 - 39 = z - 4*m. What is the greatest common divisor of 24 and z?
12
Let f be 15/6 + (-84)/(-24). Suppose 0 = 3*t - 2*g - 0*g + 314, 25 = -5*g. Let x = -66 - t. Calculate the greatest common factor of f and x.
6
Suppose 2*k - 5*t - 77 = 0, -2*k + 139 = 2*k - 5*t. Suppose -2 = 2*n, -n - k = -6*u + 4*u. What is the greatest common divisor of 105 and u?
15
Let f = -12 - -4. Let t = f - -12. Suppose 0 = 9*p - t*p - 90. Calculate the greatest common factor of p and 2.
2
Let m be (120/(-32))/(-3) - 630/(-8). What is the greatest common divisor of 16 and m?
16
Suppose 2*p - 3*p - 4*p = 0. Suppose p*a + 6 = 2*a. Calculate the greatest common factor of 6 and a.
3
Let h be 20/(-6)*60/(-25). Suppose 26*g = 23*g - 3. Let w be g*2/(-4)*4. What is the highest common factor of h and w?
2
Let l = 96 + -54. Suppose -d - 15 + l = 0. What is the highest common divisor of 9 and d?
9
Let q = 26 - -109. What is the highest common divisor of 54 and q?
27
Suppose 3*g = -2*r + 29, 0 = 5*r - g - 36 + 6. Suppose -2*b + r*b - 220 = 5*x, 0 = -2*b. Let f = x + 78. Calculate the greatest common factor of 85 and f.
17
Let u = 3 + 10. Suppose -71*n - 39 = -74*n. Calculate the highest common divisor of n and u.
13
Suppose 4*n - 22 = -6. Suppose n*f = 4*y + 216 - 8, 2*f - 97 = -5*y. Let p(c) = 34*c**2. Let o be p(-1). Calculate the greatest common factor of o and f.
17
Suppose 30*d - 3*b = 31*d - 235, 2*b = 3*d - 749. Calculate the greatest common factor of 13 and d.
13
Let a(u) be the second derivative of 5*u**4/4 - u**3/2 - 2*u**2 - 11*u. Let k be a(-2). Calculate the highest common divisor of 155 and k.
31
Let n be (3 - (-1 + 2))*-2. Let b(y) = 5 - 11*y**2 - 7*y**2 + 14*y**2 - y**3 - 2*y. Let k be b(n). Calculate the greatest common factor of 91 and k.
13
Let m = -112 - -151. Suppose 38*r - m*r = -5. What is the greatest common factor of r and 1?
1
Let m = -483 + 1172. What is the greatest common factor of m and 26?
13
Let y be (-28)/(-154) + 119/11. Let i = y - 10. Let s be -1*(2 + -4 - 3). What is the greatest common factor of s and i?
1
Let i = -221 + 273. What is the greatest common factor of 8 and i?
4
Let a = -325 + 327. Calculate the highest common factor of 50 and a.
2
Let d be (0 - 63*-1) + (-3 - -5). What is the highest common divisor of 15 and d?
5
Let h(t) be the third derivative of t**5/60 + t**4/2 - t**3/2 - 13*t**2. Let a be h(-13). What is the highest common divisor of 110 and a?
10
Suppose -5*o + 9 = -n, 4*o - 84 = -19*n + 15*n. What is the highest common factor of 400 and n?
16
Let x(l) be the second derivative of l**5/20 - l**4/4 + l**3/2 + l**2/2 - 24*l. Let k be x(4). Calculate the greatest common divisor of k and 29.
29
Let x(g) = -g**3 + 10*g**2 + 14*g + 19. Let z be x(11). Suppose c - 56 = -3*c - 2*k, -4*k = -8. Calculate the highest common divisor of c and z.
13
Suppose 2*k + 14 = 4*z, -5*z + 7 = -5*k - 3. Suppose 3*b + 0*b - 2*u = 20, -3*b + u + 25 = 0. Calculate the highest common divisor of b and z.
5
Suppose -5*z - 2*v + 220 = -4*v, -2*v + 200 = 5*z. Calculate the greatest common divisor of z and 154.
14
Let q = -631 + 1027. What is the greatest common factor of q and 36?
36
Suppose -2*a = u - 1200, 2*a + 8*u - 1200 = 3*u. Suppose 0 = -6*v + 96 + a. What is the greatest common divisor of 29 and v?
29
Let f be 3 + 2/(-4)*-236. Let q(m) = -2*m + 3. Let x be q(-5). Suppose 4*b - x - 31 = 0. What is the highest common divisor of f and b?
11
Suppose -356 = -5*x + 469. Let f = -141 + x. Calculate the greatest common factor of 32 and f.
8
Let w(y) = 3*y - 14. Let h be w(6). Suppose -h*g = 11 - 55. Calculate the greatest common factor of g and 11.
11
Suppose -5*n - 4*k + 96 = 0, -1 = 2*k + 1. Let a = -3465 + 3475. Calculate the highest common divisor of a and n.
10
Suppose 4*c - 8*r - 1280 = -5*r, -4*r - 320 = -c. Calculate the highest common divisor of c and 5.
5
Let v be 32/5 + 14/(-35). Let l(m) = -2*m**2 + 16*m - 12*m - 5*m**3 - 1 - v*m. Let g be l(-1). Calculate the highest common factor of 8 and g.
4
Suppose w + 3*v - 39 = -4*w, -5*w + 43 = v. Suppose 0 = w*a - 0*a - 189. Calculate the greatest common factor of a and 84.
21
Suppose 4*r - 2*w - 4254 = 0, 0 = 27*r - 30*r + w + 3189. What is the greatest common divisor of r and 18?
18
Suppose 2*r - 34 = -4*m + 4*r, -2*r + 30 = 4*m. Suppose 0 = 4*y - 0 - m. Suppose -6*p + 2*p + 32 = 0. Calculate the highest common divisor of p and y.
2
Let o = 64 - -84. What is the highest common factor of o and 4?
4
Let n = 100 - 58. Let b = 751 + -739. Calculate the highest common factor of b and n.
6
Let n(m) = -m**3 + m**2 + 2*m - 4. Suppose -2*p - 20 = 3*p. Let a be n(p). Suppose a = 2*j - 34. What is the greatest common factor of j and 17?
17
Suppose -3*o = -4*o + 5. Suppose 4*a + 3 = -3*q - 2, -o*a + 4*q + 17 = 0. Suppose 3 + 2 = p. Calculate the highest common divisor of p and a.
1
Let z(g) = g**2 + 2*g. Let m be z(-1). Let c(a) = 15*a**2 + a + 2. Let h be c(m). What is the greatest common factor of h and 176?
16
Suppose -4*v + 5 = y - 6, y = v - 4. Let b be y/((-1)/(-2) + (-76)/144). Calculate the highest common factor of 12 and b.
12
Suppose 5*r - 23 = a, -5*a = -4*r - 8 + 18. Suppose -2*w = -4, -6*j - w = -7*j. Calculate the greatest common factor of j and a.
2
Let s(f) = 5*f**2 - 13*f - 25. Let k be s(-2). Calculate the greatest common divisor of k and 7.
7
Let o(i) = 3*i**3 + i - i**3 - i**3 + 1 - 2*i**3 - 7*i**2. Let b be o(-7). Let q be -6 - b - 12*-1. What is the highest common factor of q and 108?
12
Suppose 4*o - 643 = -5*w, -5*o + 326 = -3*o - 2*w. What is the greatest common divisor of 12 and o?
6
Let p(k) = -k**3 - 6*k**2 + 7*k + 3. Let r be p(-7). Suppose r*l - 1 = 35. What is the highest common factor of l and 48?
12
Let n = 67 - -47. Let a(u) = 6*u**2 - 3*u. Let w be a(-5). Let s = w - n. Calculate the greatest common factor of s and 17.
17
Let n = -81 + 2175. Let r be 6/39 + n/78 + -2. Calculate the highest common divisor of r and 15.
5
Suppose 0*g - 5*g = -o - 141, -g + 2*o + 21 = 0. Suppose 3*b - h - g = 4*h, -45 = -5*b + 5*h. Calculate the greatest common divisor of b and 4.
4
Let j(f) = -3*f - 6. Let g be j(0). Let w be ((-28)/g)/((-7)/(-126)). What is the greatest common divisor of 21 and w?
21
Let u be -5*((-3)/1 - 2). Suppose -u = 5*p - 100. Let h(d) = -3*d**2 - 69*d + 15. Let z be h(-23). What is the greatest common divisor of p and z?
15
Let p(a) = 4*a**2 + 10*a - 6. Let h(v) = 5*v**2 + 10*v - 5. Let t(g) = 5*h(g) - 6*p(g). Let s be t(10). Calculate the greatest common factor of s and 11.
11
Let t = 277 + -255. Calculate the highest common factor of t and 110.
22
Let z = 729 + -609. What is the greatest common factor of z and 40?
40
Let m(p) = 2*p**2 + 6*p + 13. Let l be m(-5). Suppose -26*h = -21*h - 15. Calculate the highest common divisor of h and l.
3
Suppose -4*i - s + 275 = -0*s, 263 = 4*i - 3*s. Calculate the greatest common divisor of 85 and i.
17
Let g(q) = -q**2 + 45*q - 434. Let f be g(26). Calculate the greatest common divisor of f and 64.
4
Let g be (-5)/5 + 41 - -2. Calculate the highest common factor of 336 and g.
42
Let n(f) = 3*f**2 + 3*f + 4. Let m be n(4). Suppose -5*q = -3*q - 4*z + 4, z = 3*q - 19. Calculate the greatest common factor of q and m.
8
Let c(q) = q**2 + 25*q + 111. Let t be c(-22). Let i = 50 + -28. Suppose 20 = -5*k, -2*n + 5*k + i = -16. Calculate the greatest common divisor of t and n.
9
Let d be 0 + 4 + -5 + (-2 - -3). Let f be -3 + 2 - (-208 - (-4 - d)). What is the greatest common divisor of f and 29?
29
Let d(f) = -5 + 67*f**3 - 1 - 66*f**3 + 0*f**2 + f + 2*f**2. Let g be d(2). Let j = 165 + -69. 